e units digit of v?
9
Let m = -18963 - -53930. What is the tens digit of m?
6
What is the thousands digit of (5 + -1)/(-1)*1666610/(-1112)?
5
Let m = 76620 - 42579. What is the thousands digit of m?
4
Let m = -35547 - -68469. What is the units digit of m?
2
Let t(u) = -2*u**3 + u**2 - 6*u + 10829. What is the thousands digit of t(0)?
0
Let a(b) = -2*b**3 - 24*b**2 - 12*b + 150. What is the thousands digit of a(-25)?
6
Suppose 423*n + 433*n - 834*n = 866426. What is the tens digit of n?
8
Let z = -210 - -140. Let b = -4 - z. What is the units digit of (b - 2) + -4*(-2)/(-4)?
2
Let y(n) = -2*n - 4*n - 30*n + 15. Let s be y(-6). Let x = s - 148. What is the tens digit of x?
8
Let y(k) = -1311*k - 620. What is the tens digit of y(-3)?
1
Let s be (-20)/35*1*-14. Let c be 2/(-4)*s + 3 - -5. Suppose 2*h - 636 = 2*k, c*h + k - 1179 = 83. What is the hundreds digit of h?
3
Let t = 45459 - 23737. What is the tens digit of t?
2
Let m(n) = -26*n**3 + 60*n**2 + 27*n + 26. What is the hundreds digit of m(-8)?
9
Let u be 45/15 + (-266)/1. Let l = 46 + -161. Let t = l - u. What is the units digit of t?
8
Let x = -140 + -148. Let z be ((-6)/4)/(3/6). What is the tens digit of (-9)/3 + x/z?
9
Suppose w + 12 = 32. Suppose f = -f - 3*p - 4, -w = -4*f + p. Suppose -4*j - 77 = -c - 2*j, -5*j - 293 = -f*c. What is the units digit of c?
7
Let p(s) = -s**3 + 8*s**2 - 9*s - 5. Let x be p(5). Suppose 20*r = -3*c + x*r + 1916, 0 = -3*c + 4*r + 1921. What is the units digit of c?
7
Suppose 33 + 2 = 7*n. Suppose -n*t - 16 = -31. What is the units digit of (-435)/(-10) - t/(-6*1)?
4
Suppose -295*q = -297*q + 38419 + 4593. What is the units digit of q?
6
Suppose -2320 = -19*g - g. Suppose -10*d + 12*d - g = 0. What is the units digit of d?
8
Let s(u) = -8*u**2 + 2*u + 16. Let r be s(-6). Let z = -107 - r. What is the units digit of z?
7
Let c(g) = -6*g**3 + 11*g + 6. Let k(p) = -5*p**3 - 2*p**2 + 10*p + 5. Let n(a) = 6*c(a) - 7*k(a). What is the hundreds digit of n(9)?
3
Let h be 6/(-1 + 14/12). Suppose -2*m + h = m. What is the units digit of 2 + (-28)/(-6) - 8/m?
6
What is the hundreds digit of ((-1)/5)/(2/202120*-4)?
0
Let x(u) = 6*u - 54. Let i be x(9). Let d be (-10)/75 + (-77)/(-15). Suppose t - 89 = -b, 0*b - b + d*t + 71 = i. What is the tens digit of b?
8
Suppose m + 132 = 2*m. Let c(o) = o**2 - 8*o - 81. Let x be c(-6). Suppose -x*q = -9*q + m. What is the tens digit of q?
2
Suppose -2*b + 18 + 90 = 0. Suppose s - b = 741. Suppose 80 - s = -5*d. What is the hundreds digit of d?
1
Let f be 69075/(-81) + 4/(-18). Let l = -535 - f. What is the hundreds digit of l?
3
Let j(r) = 5*r + 44. Let k(a) = -1. Let q(y) = -j(y) + 5*k(y). Let c be q(-11). Suppose 146 + 730 = c*t. What is the tens digit of t?
4
Suppose 149*g = 154*g - 60. Suppose -g*t = -15*t + 186. What is the tens digit of t?
6
Let g = -57 + 63. What is the tens digit of (-10)/4*(g + (-896)/40)?
4
Let f(p) = -18172*p**3 - 2*p**2 - 24*p - 25. What is the units digit of f(-1)?
9
Let h(m) = 2*m**3 - 41*m**2 - 22*m + 63. Let b be h(17). Let w = 3761 + b. What is the hundreds digit of w?
4
Suppose -2*s + 10142 = 2*q, 2*s = -5*q + 4*q + 5069. What is the units digit of q?
3
Let j(a) = -9*a - 15 + 1 - 10. Let x(f) = -f - 1. Let c(n) = j(n) - 4*x(n). What is the hundreds digit of c(-24)?
1
Suppose -35 + 60 = 5*l. Suppose l = 2*u + 13. Let w(t) = -10*t + 11. What is the tens digit of w(u)?
5
Let f = -13 - -18. Let m(b) = 12*b**2 - 2*b + 6. Let p be m(2). What is the tens digit of 4/f + (-5)/(p/(-2212))?
2
Suppose -17*s + 21*s = 16. Suppose u = -h + 1378, 4*h = -0*u + s*u + 5528. What is the units digit of h?
0
Let z be 6/(0 + -3) - (-108)/2. What is the units digit of 92/(-23) + (z - -1)?
9
Let z(l) = -3*l**2 - 43*l - 12. Let j be z(-14). What is the units digit of ((-308)/70)/(j/(-120))?
4
Let l(q) = -109*q + 10. Let x(m) = -22*m + 2. Let k(g) = 2*l(g) - 11*x(g). Let v be ((-35)/(-3))/7 - 20/(-15). What is the units digit of k(v)?
0
Suppose -n + 5*k + 9912 + 11126 = 0, -4*n - 4*k = -84200. Suppose -23*t + n - 6374 = 0. What is the hundreds digit of t?
6
Suppose 85324 = -61*l + 64*l + 4*z, -3*l = z - 85339. What is the ten thousands digit of l?
2
Let q(b) = -4*b**2 - 117*b + 98. Let a be q(-30). Let l(u) = -u - 5. Let h(z) = -z - 6. Let k(v) = -3*h(v) + 2*l(v). What is the units digit of k(a)?
6
Suppose -18*y + 21*y = 6*q - 28638, 3*q + 3*y - 14319 = 0. What is the hundreds digit of q?
7
Let h be (6/(-8))/((-3)/20). Suppose g + 2 = d, 0 = 7*g - 4*g + h*d - 18. Let s(v) = 120*v**2 + 2*v - 2. What is the hundreds digit of s(g)?
1
Let i be (-2 - -5)/(1/((-4)/(-6))). What is the hundreds digit of 886/i + (4 - 16/4)?
4
Let m(l) = l**3 - 4*l**2 + 7*l + 32. Let p = 914 + -908. What is the tens digit of m(p)?
4
Let h(x) = x**2 + 8*x + 18. Let r be h(0). Suppose r*p = -4*l + 23*p + 1710, 5*p - 440 = -l. What is the hundreds digit of l?
4
Let w(d) = 466*d**2 + 152*d + 5. What is the hundreds digit of w(-3)?
7
Suppose 5*h = 15, u + 5*h - 650 + 181 = 0. Suppose -8*m + u = -738. Suppose -m = 7*n - 8*n. What is the hundreds digit of n?
1
Suppose -2*p + 2710 = -0*o + 3*o, -3*p = -3*o + 2700. Let s = -193 + o. What is the tens digit of s?
0
Suppose -12 = -3*h - 0. Suppose h*x = 882 + 990. What is the units digit of x?
8
Let w(b) = 1328*b**3 - b**2 + 4*b - 3. Let h be w(1). Suppose -1032 = -8*m + h. What is the units digit of m?
5
Let l be 1 + -7 + 83408/52. Let q = l + -546. What is the tens digit of q?
5
Suppose 14 = 5*h - 2*f - 1, -2*h + 5*f = 15. Suppose -30 = -3*y + h*c, -5*c = -5*y + 14 + 46. Let g(r) = 13*r - 24. What is the units digit of g(y)?
1
What is the tens digit of (126/(-4))/(((-150)/(-6))/(-4200))?
9
What is the hundreds digit of (2/(-3))/(17 + 19904863/(-1170873))?
4
Suppose -23 = 3*g + j, -2*g = -5*j - 1 + 5. Let i(y) = -y**2 - 11*y - 5. What is the tens digit of i(g)?
2
Let x(w) = w**3 - w**2 + 6*w + 2589. What is the tens digit of x(0)?
8
Suppose 5*m + 585 = -w, -3*m - 635 = -3*w - 2390. Let f = -128 - w. What is the hundreds digit of f?
4
Let j = 574 + -580. What is the tens digit of 533 + j + (3 - 0) + 3?
3
Let a(z) = z**3 + 18*z**2 - z + 20. Let c be a(-18). Suppose 10*i - 45648 = -c*i. What is the tens digit of i?
5
Suppose -251*z = -257*z + 123420. What is the ten thousands digit of z?
2
Let j = -30 + 25. Let c be (-12)/(-18)*(-2 - j). Suppose 0 = c*x - x + 2*n - 20, 2*n = -3*x + 56. What is the units digit of x?
8
Let j(l) be the first derivative of -233*l**2 - 64*l - 117. What is the hundreds digit of j(-2)?
8
Suppose -2*z + 7954 = -8458. What is the tens digit of z?
0
Suppose 0 = -g - 2197 - 83. Let u = g - -3685. What is the units digit of u?
5
Let l = -36780 + 57489. What is the ten thousands digit of l?
2
What is the thousands digit of 176/(-968) + (-36698)/(-11)?
3
Suppose 3*l = 5*w - 47786, -14*w + 9*w - 2*l = -47801. What is the tens digit of w?
5
Suppose -3*o - 5*n = -156, 4*o - n = 173 + 12. Suppose -150997 + 52720 = -o*m. What is the units digit of m?
1
Suppose 3*q - 19*r + 24*r = 28, 4*q - 2*r = -6. What is the units digit of (q - 2)/1 + 795/3?
4
Suppose -85*b = -93*b - 9448. Let n = b + 1896. What is the tens digit of n?
1
Suppose 2*v + 0 = d + 13, 3*d + 35 = 5*v. Let y be ((-2)/1 - -35) + 4/v. Suppose -q - y + 195 = 0. What is the tens digit of q?
6
Let h(z) = -339*z - 159. Let k be h(26). What is the units digit of 8/(-28) - k/21?
7
Suppose 7*k - 6 = 6*k. Suppose -k*a + 0*a + 1386 = 0. Let h = -44 + a. What is the units digit of h?
7
Suppose 0 = -76*i + 79*i - 942. Suppose 6*s = -5*k + 3*s + i, -k - 2*s + 60 = 0. What is the units digit of k?
4
Let d be (1*3 - 0)/((-63)/(-105)). Let s be (-4)/(-10) - 2/d. Suppose -u + 3*u - 16 = s. What is the units digit of u?
8
Suppose 2*q = 5*h - 904, -h + 4*h - 540 = 2*q. Suppose -2*p + 3*p = -111. Let i = h + p. What is the units digit of i?
1
Let c = -511 + 514. Suppose 365 = c*q - 5*a, 3*a + 391 = 3*q + 22. What is the tens digit of q?
2
Let a = 39 + -38. Suppose 5 = t - 2*q + a, -4*t - 4*q = 20. What is the tens digit of (t/(-8))/(13/3796)?
7
Let x(n) = -n**2 + 20*n - 80. Let c be x(7). Suppose -7*h + c*h - 3700 = 0. What is the hundreds digit of h?
9
What is the thousands digit of (42394/(-33)*(2 + -29))/1?
4
Let f = -10233 + 17332. What is the uni